(g) = 12*g - 887. What is r(75)?
13
Let b(n) = -n**3 + 7*n**2 + 67*n - 259. Calculate b(11).
-6
Let f(r) = -7*r + 233. What is f(33)?
2
Let d(g) = 28*g - 617. Determine d(36).
391
Let g(w) = -116*w**2 - 1625*w - 9. Determine g(-14).
5
Let x(q) = -q**3 + 29*q**2 - 29*q + 11. What is x(28)?
-17
Let w(l) = l**2 + 32*l + 89. What is w(-7)?
-86
Let l(i) = 29*i + 4773. Calculate l(-166).
-41
Let m(a) = a**3 - 872*a**2 - 8821*a - 2. Determine m(-10).
8
Let z(a) = a**3 + 23*a**2 - 75*a - 10. Calculate z(3).
-1
Let w(l) = 266*l + 276. Give w(-1).
10
Let k(z) = -z**2 - 238*z + 1704. Calculate k(7).
-11
Let t(c) = 11*c**2 - 204*c - 807. Determine t(-4).
185
Let g(k) = 579*k - 581. What is g(1)?
-2
Let c(a) = 6*a + 44. Determine c(12).
116
Let r(m) = m**3 + 13*m**2 - 25*m - 47. Calculate r(-14).
107
Let c(m) = 16*m**2 + 26*m + 43. Determine c(-2).
55
Let o(j) = 82*j + 269. Give o(-3).
23
Let y(s) = -15*s - 467. What is y(-26)?
-77
Let a(m) = 25*m**2 - 1302*m + 119. Calculate a(52).
15
Let z(i) = -381*i + 1521. Give z(4).
-3
Let s(p) = -136*p - 1090. Calculate s(-8).
-2
Let u(v) = -3*v**2 + 77*v - 218. Determine u(3).
-14
Let u(a) = -185*a - 2045. Determine u(-11).
-10
Let b(r) = -22*r + 372. Give b(16).
20
Let i(z) = z**3 - 40*z**2 + 82*z - 94. Give i(38).
134
Let y(i) = 9*i + 8. Give y(-9).
-73
Let k(z) = 32*z - 123. What is k(7)?
101
Let u(y) = y**2 + 44*y + 444. Determine u(-32).
60
Let h(t) = -43*t**2 + 90*t + 9. What is h(3)?
-108
Let g(c) = -22*c**2 - 6*c - 40. What is g(-4)?
-368
Let t(u) = -82*u**3 + u**2 - 7*u - 7. Determine t(-1).
83
Let g(z) = 206*z - 9716. What is g(47)?
-34
Let x(g) = 23*g**2 + 21*g - 22. What is x(1)?
22
Let g(s) = -13*s - 256. Calculate g(-20).
4
Let w(a) = -23*a**3 - 276*a**2 + 4*a + 45. Determine w(-12).
-3
Let k(u) = -2*u**2 + 283*u - 5712. Calculate k(117).
21
Let z(y) = -y**3 - 71*y**2 - 279*y - 769. Determine z(-67).
-32
Let z(m) = 32*m**2 + 480*m - 1442. Give z(3).
286
Let a(q) = 11*q - 47. Determine a(6).
19
Let k(l) = 2*l**2 - 76*l + 254. What is k(4)?
-18
Let d(f) = f**3 + 32*f**2 + 198*f + 127. Determine d(-24).
-17
Let w(i) = -i**3 + 29*i**2 - 123*i + 65. What is w(24)?
-7
Let n(b) = -6*b**2 + 34*b - 83. Calculate n(9).
-263
Let u(k) = -21*k**2 + 150*k - 19. Determine u(7).
2
Let l(c) = -c**3 + 74*c**2 + 151*c + 28. Give l(76).
-48
Let a(o) = o**3 - o + 2. Calculate a(-2).
-4
Let d(x) = -x**3 + 102*x**2 + 3*x - 305. What is d(102)?
1
Let n(s) = 18*s - 887. Calculate n(52).
49
Let z(f) = -3668*f + 22017. Calculate z(6).
9
Let f(h) = -h**3 + 4*h**2 + 24*h + 18. What is f(-3)?
9
Let a(f) = -7*f**3 + 4*f**2 - 3*f - 9. Determine a(-2).
69
Let o(m) = -328*m - 14104. What is o(-43)?
0
Let s(l) = 22706*l + 90816. Give s(-4).
-8
Let a(c) = -c**3 + 271*c**2 - 279*c + 2424. Calculate a(270).
-6
Let i(t) = 1697*t - 271527. Calculate i(160).
-7
Let p(k) = k**3 - 12*k**2 - 4*k - 118. Give p(13).
-1
Let b(s) = 2986*s + 134358. Give b(-45).
-12
Let g(l) = -6*l**2 + 38*l - 482. Calculate g(9).
-626
Let x(y) = 3*y + 122. Give x(-43).
-7
Let p(z) = z**3 + 44*z**2 - 45*z - 43. Determine p(-45).
-43
Let m(c) = 21*c + 1130. Determine m(-43).
227
Let k(g) = g**3 + 2*g**2 + 14*g + 2. What is k(-6)?
-226
Let n(h) = -80*h + 1045. What is n(13)?
5
Let v(z) = 8*z + 633. What is v(14)?
745
Let p(a) = 4*a**2 - 43*a - 71. Give p(16).
265
Let y(u) = 140*u**2 - 1254*u - 37. Determine y(9).
17
Let t(d) = -3*d**3 - 5*d**2 - 7*d - 26. What is t(-6)?
484
Let z(g) = g**2 - 12*g - 81. Determine z(24).
207
Let p(m) = 37*m**2 + 258*m + 6. Give p(-7).
13
Let b(t) = t**2 + 100*t + 2531. What is b(-48)?
35
Let r(s) = s**3 - 46*s**2 + 16*s + 3179. What is r(44)?
11
Let c(s) = -2*s**2 - 49*s - 113. Give c(-22).
-3
Let i(x) = -x**3 - 25*x**2 - 23*x - 28. Give i(-24).
-52
Let z(u) = 65*u + 34. Calculate z(1).
99
Let b(y) = -33*y - 210. What is b(-13)?
219
Let c(i) = -2*i**3 + 16*i**2 - 27*i + 19. Calculate c(6).
1
Let b(u) = -u**2 + 32*u - 68. Calculate b(30).
-8
Let h(f) = -f**3 - 7*f**2 - f + 22. Calculate h(-8).
94
Let f(w) = 2*w**2 - 22*w - 139. Determine f(15).
-19
Let i(l) = -23*l + 142. Calculate i(5).
27
Let r(v) = -v**2 - 9*v + 89. What is r(-17)?
-47
Let h(i) = 3*i**2 + 174*i - 3032. What is h(14)?
-8
Let v(j) = 7191*j - 215733. Calculate v(30).
-3
Let k(o) = o**3 - 43*o**2 - 43*o + 16. Calculate k(44).
60
Let q(i) = -i**3 - 2*i**2 + 34*i + 83. Calculate q(-3).
-10
Let d(c) = -42*c + 5667. Calculate d(135).
-3
Let b(k) = -9*k + 701. What is b(80)?
-19
Let p(v) = 309*v - 37682. What is p(122)?
16
Let k(f) = -f**2 - 125*f - 858. Calculate k(-7).
-32
Let o(z) = -z**2 + 30*z + 235. Determine o(36).
19
Let c(m) = 285*m + 904. Give c(-3).
49
Let z(b) = 14*b**2 + 109*b + 79. Calculate z(-8).
103
Let c(k) = -780*k**2 + 5454*k + 31. Determine c(7).
-11
Let u(x) = 3*x - 149. What is u(14)?
-107
Let l(h) = -37*h**2 - 811*h + 69. Determine l(-22).
3
Let r(x) = 31153*x - 249218. Give r(8).
6
Let d(m) = -232*m + 421. Calculate d(2).
-43
Let r(b) = b**3 - 75*b**2 + 101*b - 1990. Give r(74).
8
Let m(d) = 7*d**2 - 836*d - 473. Determine m(120).
7
Let j(v) = 8*v**2 - 50*v + 3. Give j(6).
-9
Let c(j) = 1219*j**2 + 10969*j - 8. Give c(-9).
10
Let b(c) = c**3 + 6*c**2 - 184*c + 6. Determine b(11).
39
Let w(s) = s**3 + 5*s**2 - 53*s + 39. Calculate w(-10).
69
Let l(h) = h**3 + h**2 - 158. Determine l(0).
-158
Let x(h) = 6*h**2 + 43*h - 656. Determine x(16).
1568
Let d(g) = g**2 - 3*g - 489. Give d(23).
-29
Let b(s) = -197*s - 28400. Determine b(-144).
-32
Let i(n) = -n**2 + 72*n + 643. Calculate i(-8).
3
Let b(a) = -71*a - 903. Determine b(-13).
20
Let g(c) = -2*c**2 + 27*c + 77. Give g(-8).
-267
Let a(y) = -5*y**3 + 36*y**2 - 2*y - 29. Determine a(9).
-776
Let t(o) = 7*o**2 + 75*o + 160. What is t(-8)?
8
Let l(m) = 67*m + 7333. Determine l(-110).
-37
Let c(r) = r**3 + 2*r**2 - 18*r - 35. What is c(-2)?
1
Let l(d) = -430*d - 15052. Determine l(-35).
-2
Let x(i) = 52*i - 76. Determine x(-1).
-128
Let n(g) = 3*g**2 - 291*g + 6334. Determine n(64).
-2
Let x(c) = c**3 - 24*c**2 - 9*c - 566. Calculate x(25).
-166
Let m(i) = -6*i**2 + 98*i - 747. Give m(8).
-347
Let m(t) = 2*t**3 - 232*t**2 + 230*t + 2. Determine m(115).
2
Let u(s) = -14*s - 577. Calculate u(-44).
39
Let d(a) = 2*a**3 + 210*a**2 - 206*a + 625. Give d(-106).
-11
Let h(s) = 4*s**3 + 286*s**2 + 177*s + 2500. Calculate h(-71).
15
Let n(g) = -13403*g - 227859. What is n(-17)?
-8
Let b(w) = -2*w**3 + 22*w**2 + 19*w - 187. Calculate b(11).
22
Let x(w) = w**2 - 36*w + 12. Determine x(24).
-276
Let u(g) = -g**3 + 5*g**2 + 9*g - 30. What is u(3)?
15
Let w(x) = 2*x**2 - 67*x + 279. Give w(4).
43
Let u(l) = -74*l + 3916. Calculate u(53).
-6
Let k(y) = 4*y**2 - 34. Calculate k(5).
66
Let k(d) = 168*d - 375. Give k(2).
-39
Let q(s) = 817*s - 8167. Give q(10).
3
Let z(d) = -9*d - 202. Give z(4).
-238
Let b(j) = -9*j**3 - 70*j**2 - j - 10. Give b(-3).
-394
Let p(g) = 7*g**2 - 10*g - 13. What is p(-1)?
4
Let b(r) = -12*r**3 - 3*r**2 + 23*r + 42. What is b(-2)?
80
Let w(b) = 5*b**2 + 9*b + 9. Give w(-3).
27
Let u(m) = -6*m**3 + 2*m**2 - 68*m - 216. Determine u(-3).
168
Let n(g) = 233*g - 2385. What is n(10)?
-55
Let q(w) = -w**2 - 18*w + 113. Determine q(-30).
-247
Let l(q) = 246*q - 6. Determine l(0).
-6
Let l(z) = -3*z**2 - 150*z + 68. What is l(-49)?
215
Let l(q) = 4*q**2 + 9*q + 25. Calculate l(-11).
410
Let v(u) = -3*u**2 - 61*u - 229. Give v(-15).
11
Let r(f) = f**3 - f**2 - 19*f + 182. What is r(0)?
182
Let b(t) = -3*t**3 + 6*t**2 - 9*t + 19. Give b(3).
-35
Let k(d) = -14*d + 2032. Give k(81).
898
Let u(q) = 355*q - 9. What is u(0)?
-9
Let p(a) = 6457*a + 12915. Give p(-2).
1
Let n(s) = -s**3 - 3*s**2 + 51*s + 227. Give n(-5).
22
Let f(b) = 11*b + 488. Determine f(-44).
4
Let q(w) = -w**3 + 29*w**2 + 34*w - 14. Determine q(30).
106
Let a(g) = g**3 + 19*g**2 - 416*g - 13. Determine a(-32).
-13
Let q(f) = 89*f**2 + 898*f + 91. Give q(-10).
11
Let j(v) = v**3 + 6*v**2 - 21*v - 46. Give j(-7).
52
Let c(q) = q**3 - 9*q**2 - 8*q + 15. Give c(7).
-139
Let a(x) = 4*x - 151. What is a(-12)?
-199
Let d(k) = -47*k + 179. Determine d(11).
-338
Let z(u) = -5*u**2 + 16*u - 4. Give z(1).
7
Let n(q) = q**3 + 152*q**2 - 78*q - 11878. Determine n(-152).
-22
Let x(g) = -g**3 + 148*g**2 + 4521*g + 519. Calculate x(174).
-3
Let j(h) = h